{"id":1036,"date":"2019-11-18T09:16:52","date_gmt":"2019-11-18T09:16:52","guid":{"rendered":"https:\/\/kopperschmidt-spritztechnik.de\/?page_id=1036"},"modified":"2025-03-27T15:48:47","modified_gmt":"2025-03-27T15:48:47","slug":"materialdruckregler-manuell","status":"publish","type":"page","link":"https:\/\/kopperschmidt-spritztechnik.de\/index.php\/materialhandling\/materialdruckregler-manuell\/","title":{"rendered":"Materialdruckregler, manuell"},"content":{"rendered":"<p>[et_pb_section fb_built=&#8220;1&#8243; _builder_version=&#8220;4.0.6&#8243; use_background_color_gradient=&#8220;on&#8220; background_color_gradient_start=&#8220;#000000&#8243; background_color_gradient_end=&#8220;#c4c4c4&#8243;][et_pb_row column_structure=&#8220;1_4,1_4,1_4,1_4&#8243; _builder_version=&#8220;4.0.6&#8243;][et_pb_column type=&#8220;1_4&#8243; _builder_version=&#8220;4.0.6&#8243;][et_pb_blurb title=&#8220;P10-VM&#8220; url=&#8220;https:\/\/kopperschmidt-spritztechnik.de\/index.php\/pu_materialdruckregler_ks-p10vm\/&#8220; image=&#8220;https:\/\/kopperschmidt-spritztechnik.de\/wp-content\/uploads\/2019\/11\/Shop_P10-20_VM-RM.jpg&#8220; _builder_version=&#8220;4.0.9&#8243; text_orientation=&#8220;center&#8220; link_option_url=&#8220;https:\/\/kopperschmidt-spritztechnik.de\/index.php\/pu_materialdruckregler_ks-p10vm\/&#8220;]<\/p>\n<p><span style=\"color: #000000;\">Manuell bet\u00e4tigter Material-Vordruckregler P10-VM, G3\/8&#8243;<br \/> <\/span><\/p>\n<p><span style=\"color: #000000;\">Regelbereich bis 10 Bar<\/span><\/p>\n<p>[\/et_pb_blurb][\/et_pb_column][et_pb_column type=&#8220;1_4&#8243; _builder_version=&#8220;4.0.6&#8243;][et_pb_blurb title=&#8220;P10-RM&#8220; url=&#8220;https:\/\/kopperschmidt-spritztechnik.de\/index.php\/pu_materialdruckregler_ks-p10rm\/&#8220; image=&#8220;https:\/\/kopperschmidt-spritztechnik.de\/wp-content\/uploads\/2019\/11\/Shop_P10-20_VM-RM.jpg&#8220; _builder_version=&#8220;4.0.9&#8243; text_orientation=&#8220;center&#8220; link_option_url=&#8220;https:\/\/kopperschmidt-spritztechnik.de\/index.php\/pu_materialdruckregler_ks-p10rm\/&#8220;]<\/p>\n<p><span style=\"color: #000000;\">Manuell bet\u00e4tigter Material-R\u00fcckdruckregler P10-RM, G3\/8&#8243;<br \/> <\/span><\/p>\n<p><span style=\"color: #000000;\">Regelbereich bis 10 Bar<\/span><\/p>\n<p>[\/et_pb_blurb][\/et_pb_column][et_pb_column type=&#8220;1_4&#8243; _builder_version=&#8220;4.0.6&#8243;][et_pb_blurb title=&#8220;P20-VM&#8220; url=&#8220;https:\/\/kopperschmidt-spritztechnik.de\/index.php\/pu_materialdruckregler_ks-p20vm\/&#8220; image=&#8220;https:\/\/kopperschmidt-spritztechnik.de\/wp-content\/uploads\/2019\/11\/Shop_P10-20_VM-RM.jpg&#8220; _builder_version=&#8220;4.0.9&#8243; text_orientation=&#8220;center&#8220; link_option_url=&#8220;https:\/\/kopperschmidt-spritztechnik.de\/index.php\/pu_materialdruckregler_ks-p20vm\/&#8220;]<\/p>\n<p><span style=\"color: #000000;\">Manuell bet\u00e4tigter Material-Vordruckregler P20-VM, G3\/8&#8243;<br \/> <\/span><\/p>\n<p><span style=\"color: #000000;\">Regelbereich bis 20 Bar<\/span><\/p>\n<p>[\/et_pb_blurb][\/et_pb_column][et_pb_column type=&#8220;1_4&#8243; _builder_version=&#8220;4.0.6&#8243;][et_pb_blurb title=&#8220;P20-RM&#8220; url=&#8220;https:\/\/kopperschmidt-spritztechnik.de\/index.php\/pu_materialdruckregler_ks-p20rm\/&#8220; image=&#8220;https:\/\/kopperschmidt-spritztechnik.de\/wp-content\/uploads\/2019\/11\/Shop_P10-20_VM-RM.jpg&#8220; _builder_version=&#8220;4.0.9&#8243; text_orientation=&#8220;center&#8220; link_option_url=&#8220;https:\/\/kopperschmidt-spritztechnik.de\/index.php\/pu_materialdruckregler_ks-p20rm\/&#8220;]<\/p>\n<p><span style=\"color: #000000;\">Manuell bet\u00e4tigter Material-R\u00fcckdruckregler P20-RM, G3\/8&#8243;<br \/> <\/span><\/p>\n<p><span style=\"color: #000000;\">Regelbereich bis 20 Bar<\/span><\/p>\n<p>[\/et_pb_blurb][\/et_pb_column][\/et_pb_row][\/et_pb_section][et_pb_section fb_built=&#8220;1&#8243; _builder_version=&#8220;4.0.6&#8243; use_background_color_gradient=&#8220;on&#8220; background_color_gradient_start=&#8220;#000000&#8243; background_color_gradient_end=&#8220;#c4c4c4&#8243;][et_pb_row column_structure=&#8220;1_4,1_4,1_4,1_4&#8243; _builder_version=&#8220;4.0.6&#8243;][et_pb_column type=&#8220;1_4&#8243; _builder_version=&#8220;4.0.6&#8243;][et_pb_blurb title=&#8220;P20-RM&#8220; url=&#8220;https:\/\/kopperschmidt-spritztechnik.de\/index.php\/pu_materialdruckregler_ks-p20rm_1\/&#8220; image=&#8220;https:\/\/kopperschmidt-spritztechnik.de\/wp-content\/uploads\/2019\/11\/Shop_P20_RM-1\u201c.jpg&#8220; _builder_version=&#8220;4.0.9&#8243; text_orientation=&#8220;center&#8220; link_option_url=&#8220;https:\/\/kopperschmidt-spritztechnik.de\/index.php\/pu_materialdruckregler_ks-p20rm_1\/&#8220;]<\/p>\n<p><span style=\"color: #000000;\">Manuell bet\u00e4tigter Material-R\u00fcckdruckregler P20-RM, G1&#8243;<br \/> <\/span><\/p>\n<p><span style=\"color: #000000;\">Regelbereich bis 20 Bar<\/span><\/p>\n<p>[\/et_pb_blurb][\/et_pb_column][et_pb_column type=&#8220;1_4&#8243; _builder_version=&#8220;4.0.6&#8243;][et_pb_blurb title=&#8220;P50-VM&#8220; url=&#8220;https:\/\/kopperschmidt-spritztechnik.de\/index.php\/pu_materialdruckregler_ks-p50vm\/&#8220; image=&#8220;https:\/\/kopperschmidt-spritztechnik.de\/wp-content\/uploads\/2019\/11\/Shop_P50_VM-RM.jpg&#8220; _builder_version=&#8220;4.0.9&#8243; text_orientation=&#8220;center&#8220; link_option_url=&#8220;https:\/\/kopperschmidt-spritztechnik.de\/index.php\/pu_materialdruckregler_ks-p50vm\/&#8220;]<\/p>\n<p><span style=\"color: #000000;\">Manuell bet\u00e4tigter Material-Vordruckregler P50-VM, G3\/8&#8243;<br \/> <\/span><\/p>\n<p><span style=\"color: #000000;\">Regelbereich bis 50 Bar<\/span><\/p>\n<p>[\/et_pb_blurb][\/et_pb_column][et_pb_column type=&#8220;1_4&#8243; _builder_version=&#8220;4.0.6&#8243;][et_pb_blurb title=&#8220;P50-RM&#8220; url=&#8220;https:\/\/kopperschmidt-spritztechnik.de\/index.php\/pu_materialdruckregler_ks-p50rm\/&#8220; image=&#8220;https:\/\/kopperschmidt-spritztechnik.de\/wp-content\/uploads\/2019\/11\/Shop_P50_VM-RM.jpg&#8220; _builder_version=&#8220;4.0.9&#8243; text_orientation=&#8220;center&#8220; link_option_url=&#8220;https:\/\/kopperschmidt-spritztechnik.de\/index.php\/pu_materialdruckregler_ks-p50rm\/&#8220;]<\/p>\n<p><span style=\"color: #000000;\">Manuell bet\u00e4tigter Material-R\u00fcckdruckregler P50-RM, G3\/8&#8243;<br \/> <\/span><\/p>\n<p><span style=\"color: #000000;\">Regelbereich bis 50 Bar<\/span><\/p>\n<p>[\/et_pb_blurb][\/et_pb_column][et_pb_column type=&#8220;1_4&#8243; _builder_version=&#8220;4.0.6&#8243;][et_pb_blurb title=&#8220;Reglerzubeh\u00f6r&#8220; url=&#8220;https:\/\/kopperschmidt24.de\/produkt-kategorie\/zubehoer\/reglerzubehoer-allgemein\/&#8220; url_new_window=&#8220;on&#8220; image=&#8220;https:\/\/kopperschmidt-spritztechnik.de\/wp-content\/uploads\/2019\/12\/Prod_P10-360_Steigrohr_Manometer.jpg&#8220; _builder_version=&#8220;4.8.2&#8243; link_option_url=&#8220;https:\/\/kopperschmidt24.de\/produkt-kategorie\/zubehoer\/reglerzubehoer-allgemein\/&#8220; link_option_url_new_window=&#8220;on&#8220;]<\/p>\n<p><span style=\"color: #000000;\">Manometer, usw.<\/span><\/p>\n<p>[\/et_pb_blurb][\/et_pb_column][\/et_pb_row][\/et_pb_section][et_pb_section fb_built=&#8220;1&#8243; _builder_version=&#8220;4.0.6&#8243; use_background_color_gradient=&#8220;on&#8220; background_color_gradient_start=&#8220;#000000&#8243; background_color_gradient_end=&#8220;#c4c4c4&#8243;][et_pb_row column_structure=&#8220;1_4,1_4,1_4,1_4&#8243; _builder_version=&#8220;4.0.6&#8243;][et_pb_column type=&#8220;1_4&#8243; _builder_version=&#8220;4.0.6&#8243;][et_pb_blurb title=&#8220;P100-VM&#8220; url=&#8220;https:\/\/kopperschmidt-spritztechnik.de\/index.php\/pu_materialdruckregler_ks-p100vm\/&#8220; image=&#8220;https:\/\/kopperschmidt-spritztechnik.de\/wp-content\/uploads\/2019\/11\/Shop_P100_VM-RM_Manometer.jpg&#8220; _builder_version=&#8220;4.0.9&#8243; text_orientation=&#8220;center&#8220; link_option_url=&#8220;https:\/\/kopperschmidt-spritztechnik.de\/index.php\/pu_materialdruckregler_ks-p100vm\/&#8220;]<\/p>\n<p><span style=\"color: #000000;\">Manuell bet\u00e4tigter Material-Vordruckregler P100-VM, G3\/8&#8243;<br \/> <\/span><\/p>\n<p><span style=\"color: #000000;\">Regelbereich bis 100 Bar<\/span><\/p>\n<p>[\/et_pb_blurb][\/et_pb_column][et_pb_column type=&#8220;1_4&#8243; _builder_version=&#8220;4.0.6&#8243;][et_pb_blurb title=&#8220;P100-RM&#8220; url=&#8220;https:\/\/kopperschmidt-spritztechnik.de\/index.php\/pu_materialdruckregler_ks-p100rm\/&#8220; image=&#8220;https:\/\/kopperschmidt-spritztechnik.de\/wp-content\/uploads\/2019\/11\/Shop_P100-P200-P270_VM-RM.jpg&#8220; _builder_version=&#8220;4.8.2&#8243; text_orientation=&#8220;center&#8220; link_option_url=&#8220;https:\/\/kopperschmidt-spritztechnik.de\/index.php\/pu_materialdruckregler_ks-p100rm\/&#8220;]<\/p>\n<p><span style=\"color: #000000;\">Manuell bet\u00e4tigter Material-R\u00fcckdruckregler P100-RM, G3\/8&#8243;<br \/> <\/span><\/p>\n<p><span style=\"color: #000000;\">Regelbereich bis 100 Bar<\/span><\/p>\n<p>[\/et_pb_blurb][\/et_pb_column][et_pb_column type=&#8220;1_4&#8243; _builder_version=&#8220;4.0.6&#8243;][et_pb_blurb title=&#8220;PX125-VM&#8220; url=&#8220;https:\/\/kopperschmidt-spritztechnik.de\/index.php\/pu_materialdruckregler_ks-p125vm\/&#8220; image=&#8220;https:\/\/kopperschmidt-spritztechnik.de\/wp-content\/uploads\/2019\/11\/Shop_P200_VM-RM_Manometer.jpg&#8220; _builder_version=&#8220;4.8.2&#8243; text_orientation=&#8220;center&#8220; link_option_url=&#8220;https:\/\/kopperschmidt-spritztechnik.de\/index.php\/pu_materialdruckregler_ks-p125vm\/&#8220;]<\/p>\n<p><span style=\"color: #000000;\">Manuell bet\u00e4tigter Material-Vordruckregler PX125-VM, G3\/8&#8243;<br \/> <\/span><\/p>\n<p><span style=\"color: #000000;\">Erweiterter Regelbereich von 15 bis 150 Bar<\/span><\/p>\n<p>[\/et_pb_blurb][\/et_pb_column][et_pb_column type=&#8220;1_4&#8243; _builder_version=&#8220;4.0.6&#8243;][et_pb_blurb title=&#8220;PX125-RM&#8220; url=&#8220;https:\/\/kopperschmidt-spritztechnik.de\/index.php\/pu_materialdruckregler_ks-px125rm\/&#8220; image=&#8220;https:\/\/kopperschmidt-spritztechnik.de\/wp-content\/uploads\/2019\/11\/Shop_P100-P200-P270_VM-RM.jpg&#8220; _builder_version=&#8220;4.8.2&#8243; text_orientation=&#8220;center&#8220; link_option_url=&#8220;https:\/\/kopperschmidt-spritztechnik.de\/index.php\/pu_materialdruckregler_ks-px125rm\/&#8220;]<\/p>\n<p><span style=\"color: #000000;\">Manuell bet\u00e4tigter Material-R\u00fcckdruckregler PX125-RM, G3\/8&#8243;<br \/> <\/span><\/p>\n<p><span style=\"color: #000000;\">Erweiterter Regelbereich von 15 bis 150 Bar<\/span><\/p>\n<p>[\/et_pb_blurb][\/et_pb_column][\/et_pb_row][\/et_pb_section][et_pb_section fb_built=&#8220;1&#8243; _builder_version=&#8220;4.0.6&#8243; use_background_color_gradient=&#8220;on&#8220; background_color_gradient_start=&#8220;#000000&#8243; background_color_gradient_end=&#8220;#c4c4c4&#8243;][et_pb_row column_structure=&#8220;1_4,1_4,1_4,1_4&#8243; _builder_version=&#8220;4.0.6&#8243;][et_pb_column type=&#8220;1_4&#8243; _builder_version=&#8220;4.0.6&#8243;][et_pb_blurb title=&#8220;P200-VM&#8220; url=&#8220;https:\/\/kopperschmidt-spritztechnik.de\/index.php\/pu_materialdruckregler_ks-p200vm\/&#8220; image=&#8220;https:\/\/kopperschmidt-spritztechnik.de\/wp-content\/uploads\/2019\/11\/Shop_P100_VM-RM_Manometer.jpg&#8220; _builder_version=&#8220;4.8.2&#8243; text_orientation=&#8220;center&#8220; link_option_url=&#8220;https:\/\/kopperschmidt-spritztechnik.de\/index.php\/pu_materialdruckregler_ks-p200vm\/&#8220;]<\/p>\n<p><span style=\"color: #000000;\">Manuell bet\u00e4tigter Material-Vordruckregler P200-VM, G3\/8&#8243;<br \/> <\/span><\/p>\n<p><span style=\"color: #000000;\">Regelbereich bis 200 Bar<\/span><\/p>\n<p>[\/et_pb_blurb][\/et_pb_column][et_pb_column type=&#8220;1_4&#8243; _builder_version=&#8220;4.0.6&#8243;][et_pb_blurb title=&#8220;P200-RM&#8220; url=&#8220;https:\/\/kopperschmidt-spritztechnik.de\/index.php\/pu_materialdruckregler_ks-p200rm\/&#8220; image=&#8220;https:\/\/kopperschmidt-spritztechnik.de\/wp-content\/uploads\/2019\/11\/Shop_P100-P200-P270_VM-RM.jpg&#8220; _builder_version=&#8220;4.8.2&#8243; text_orientation=&#8220;center&#8220; link_option_url=&#8220;https:\/\/kopperschmidt-spritztechnik.de\/index.php\/pu_materialdruckregler_ks-p200rm\/&#8220;]<\/p>\n<p><span style=\"color: #000000;\">Manuell bet\u00e4tigter Material-R\u00fcckdruckregler P200-RM, G3\/8&#8243;<br \/> <\/span><\/p>\n<p><span style=\"color: #000000;\">Regelbereich bis 200 Bar<\/span><\/p>\n<p>[\/et_pb_blurb][\/et_pb_column][et_pb_column type=&#8220;1_4&#8243; _builder_version=&#8220;4.0.6&#8243;][et_pb_blurb title=&#8220;PX250-VM&#8220; url=&#8220;https:\/\/kopperschmidt-spritztechnik.de\/index.php\/pu_materialdruckregler_ks-px250vm\/&#8220; image=&#8220;https:\/\/kopperschmidt-spritztechnik.de\/wp-content\/uploads\/2019\/11\/Shop_P200_VM-RM_Manometer.jpg&#8220; _builder_version=&#8220;4.8.2&#8243; text_orientation=&#8220;center&#8220; link_option_url=&#8220;https:\/\/kopperschmidt-spritztechnik.de\/index.php\/pu_materialdruckregler_ks-px250vm\/&#8220;]<\/p>\n<p><span style=\"color: #000000;\">Manuell bet\u00e4tigter Material-Vordruckregler PX250-VM, G3\/8&#8243;<br \/> <\/span><\/p>\n<p><span style=\"color: #000000;\">Erweiterter Regelbereich von 20 bis 270 Bar<\/span><\/p>\n<p>[\/et_pb_blurb][\/et_pb_column][et_pb_column type=&#8220;1_4&#8243; _builder_version=&#8220;4.0.6&#8243;][et_pb_blurb title=&#8220;PX250-RM&#8220; url=&#8220;https:\/\/kopperschmidt-spritztechnik.de\/index.php\/pu_materialdruckregler_ks-px250rm\/&#8220; image=&#8220;https:\/\/kopperschmidt-spritztechnik.de\/wp-content\/uploads\/2019\/11\/Shop_P100-P200-P270_VM-RM.jpg&#8220; _builder_version=&#8220;4.8.2&#8243; text_orientation=&#8220;center&#8220; link_option_url=&#8220;https:\/\/kopperschmidt-spritztechnik.de\/index.php\/pu_materialdruckregler_ks-px250rm\/&#8220;]<\/p>\n<p><span style=\"color: #000000;\">Manuell bet\u00e4tigter Material-R\u00fcckdruckregler PX250-RM, G3\/8&#8243;<br \/> <\/span><\/p>\n<p><span style=\"color: #000000;\">Erweiterter Regelbereich von 20 bis 270 Bar<\/span><\/p>\n<p>[\/et_pb_blurb][\/et_pb_column][\/et_pb_row][\/et_pb_section][et_pb_section fb_built=&#8220;1&#8243; _builder_version=&#8220;4.0.6&#8243; use_background_color_gradient=&#8220;on&#8220; background_color_gradient_start=&#8220;#000000&#8243; background_color_gradient_end=&#8220;#c4c4c4&#8243;][et_pb_row column_structure=&#8220;1_4,1_4,1_4,1_4&#8243; _builder_version=&#8220;4.0.6&#8243;][et_pb_column type=&#8220;1_4&#8243; _builder_version=&#8220;4.0.6&#8243;][et_pb_blurb title=&#8220;P270-VM&#8220; url=&#8220;https:\/\/kopperschmidt-spritztechnik.de\/index.php\/pu_materialdruckregler_ks-p270vm\/&#8220; image=&#8220;https:\/\/kopperschmidt-spritztechnik.de\/wp-content\/uploads\/2019\/11\/Shop_P270_VM-RM_Manometer.jpg&#8220; _builder_version=&#8220;4.0.9&#8243; text_orientation=&#8220;center&#8220; link_option_url=&#8220;https:\/\/kopperschmidt-spritztechnik.de\/index.php\/pu_materialdruckregler_ks-p270vm\/&#8220;]<\/p>\n<p><span style=\"color: #000000;\">Manuell bet\u00e4tigter Material-Vordruckregler P270-VM, G3\/8&#8243;<br \/> <\/span><\/p>\n<p><span style=\"color: #000000;\">Regelbereich bis 270 Bar<\/span><\/p>\n<p>[\/et_pb_blurb][\/et_pb_column][et_pb_column type=&#8220;1_4&#8243; _builder_version=&#8220;4.0.6&#8243;][et_pb_blurb title=&#8220;P270-RM&#8220; url=&#8220;https:\/\/kopperschmidt-spritztechnik.de\/index.php\/pu_materialdruckregler_ks-p270rm\/&#8220; image=&#8220;https:\/\/kopperschmidt-spritztechnik.de\/wp-content\/uploads\/2019\/11\/Shop_P100-P200-P270_VM-RM.jpg&#8220; _builder_version=&#8220;4.0.9&#8243; text_orientation=&#8220;center&#8220; link_option_url=&#8220;https:\/\/kopperschmidt-spritztechnik.de\/index.php\/pu_materialdruckregler_ks-p270rm\/&#8220;]<\/p>\n<p><span style=\"color: #000000;\">Manuell bet\u00e4tigter Material-Vordruckregler P270-RM, G3\/8&#8243;<br \/> <\/span><\/p>\n<p><span style=\"color: #000000;\">Regelbereich bis 270 Bar<\/span><\/p>\n<p>[\/et_pb_blurb][\/et_pb_column][et_pb_column type=&#8220;1_4&#8243; _builder_version=&#8220;4.0.6&#8243;][et_pb_blurb title=&#8220;Reglerzubeh\u00f6r&#8220; url=&#8220;https:\/\/kopperschmidt24.de\/produkt-kategorie\/zubehoer\/reglerzubehoer-allgemein\/&#8220; url_new_window=&#8220;on&#8220; image=&#8220;https:\/\/kopperschmidt-spritztechnik.de\/wp-content\/uploads\/2019\/12\/Prod_P100-200-270_Steigrohr_Manometer.jpg&#8220; _builder_version=&#8220;4.8.2&#8243; text_orientation=&#8220;center&#8220; link_option_url=&#8220;https:\/\/kopperschmidt24.de\/produkt-kategorie\/zubehoer\/reglerzubehoer-allgemein\/&#8220; link_option_url_new_window=&#8220;on&#8220; hover_enabled=&#8220;0&#8243; sticky_enabled=&#8220;0&#8243;]<\/p>\n<p><span style=\"color: #000000;\">Reglerzubeh\u00f6r wie Manometer usw.<\/span><\/p>\n<p>[\/et_pb_blurb][\/et_pb_column][et_pb_column type=&#8220;1_4&#8243; _builder_version=&#8220;4.0.6&#8243;][et_pb_blurb title=&#8220;Zirkulationsventil&#8220; url=&#8220;https:\/\/kopperschmidt-spritztechnik.de\/index.php\/pu_zirkulationsventil\/&#8220; image=&#8220;https:\/\/kopperschmidt-spritztechnik.de\/wp-content\/uploads\/2019\/11\/Prod_Zirkulationsventil.jpg&#8220; _builder_version=&#8220;4.0.9&#8243; text_orientation=&#8220;center&#8220; link_option_url=&#8220;https:\/\/kopperschmidt-spritztechnik.de\/index.php\/pu_zirkulationsventil\/&#8220;]<\/p>\n<p><span style=\"color: #000000;\">Drosselventil f\u00fcr Zirkulationseinrichtungen<br \/> <\/span><\/p>\n<p>[\/et_pb_blurb][\/et_pb_column][\/et_pb_row][\/et_pb_section]<\/p>\n","protected":false},"excerpt":{"rendered":"<p>[et_pb_section fb_built=&#8220;1&#8243; _builder_version=&#8220;4.0.6&#8243; use_background_color_gradient=&#8220;on&#8220; background_color_gradient_start=&#8220;#000000&#8243; background_color_gradient_end=&#8220;#c4c4c4&#8243;][et_pb_row column_structure=&#8220;1_4,1_4,1_4,1_4&#8243; _builder_version=&#8220;4.0.6&#8243;][et_pb_column type=&#8220;1_4&#8243; _builder_version=&#8220;4.0.6&#8243;][et_pb_blurb title=&#8220;P10-VM&#8220; url=&#8220;https:\/\/kopperschmidt-spritztechnik.de\/index.php\/pu_materialdruckregler_ks-p10vm\/&#8220; image=&#8220;https:\/\/kopperschmidt-spritztechnik.de\/wp-content\/uploads\/2019\/11\/Shop_P10-20_VM-RM.jpg&#8220; _builder_version=&#8220;4.0.9&#8243; text_orientation=&#8220;center&#8220; link_option_url=&#8220;https:\/\/kopperschmidt-spritztechnik.de\/index.php\/pu_materialdruckregler_ks-p10vm\/&#8220;] Manuell bet\u00e4tigter Material-Vordruckregler P10-VM, G3\/8&#8243; Regelbereich bis 10 Bar [\/et_pb_blurb][\/et_pb_column][et_pb_column type=&#8220;1_4&#8243; _builder_version=&#8220;4.0.6&#8243;][et_pb_blurb title=&#8220;P10-RM&#8220; url=&#8220;https:\/\/kopperschmidt-spritztechnik.de\/index.php\/pu_materialdruckregler_ks-p10rm\/&#8220; image=&#8220;https:\/\/kopperschmidt-spritztechnik.de\/wp-content\/uploads\/2019\/11\/Shop_P10-20_VM-RM.jpg&#8220; _builder_version=&#8220;4.0.9&#8243; text_orientation=&#8220;center&#8220; link_option_url=&#8220;https:\/\/kopperschmidt-spritztechnik.de\/index.php\/pu_materialdruckregler_ks-p10rm\/&#8220;] Manuell bet\u00e4tigter Material-R\u00fcckdruckregler P10-RM, G3\/8&#8243; Regelbereich bis 10 Bar [\/et_pb_blurb][\/et_pb_column][et_pb_column type=&#8220;1_4&#8243; _builder_version=&#8220;4.0.6&#8243;][et_pb_blurb title=&#8220;P20-VM&#8220; url=&#8220;https:\/\/kopperschmidt-spritztechnik.de\/index.php\/pu_materialdruckregler_ks-p20vm\/&#8220; image=&#8220;https:\/\/kopperschmidt-spritztechnik.de\/wp-content\/uploads\/2019\/11\/Shop_P10-20_VM-RM.jpg&#8220; _builder_version=&#8220;4.0.9&#8243; text_orientation=&#8220;center&#8220; link_option_url=&#8220;https:\/\/kopperschmidt-spritztechnik.de\/index.php\/pu_materialdruckregler_ks-p20vm\/&#8220;] Manuell bet\u00e4tigter Material-Vordruckregler [&hellip;]<\/p>\n","protected":false},"author":1,"featured_media":0,"parent":506,"menu_order":0,"comment_status":"closed","ping_status":"closed","template":"","meta":{"_seopress_robots_primary_cat":"","_seopress_titles_title":"","_seopress_titles_desc":"manuell bet\u00e4tigte Materialdruckregler, Vor- und R\u00fcckdruckregler f\u00fcr Regelbereiche bis 10 Bar, 20 Bar, 50 Bar, 100 Bar, 200 Bar und 270 Bar, Zirkulationsventile","_seopress_robots_index":"","_et_pb_use_builder":"on","_et_pb_old_content":"","_et_gb_content_width":"","footnotes":""},"class_list":["post-1036","page","type-page","status-publish","hentry"],"_links":{"self":[{"href":"https:\/\/kopperschmidt-spritztechnik.de\/index.php\/wp-json\/wp\/v2\/pages\/1036","targetHints":{"allow":["GET"]}}],"collection":[{"href":"https:\/\/kopperschmidt-spritztechnik.de\/index.php\/wp-json\/wp\/v2\/pages"}],"about":[{"href":"https:\/\/kopperschmidt-spritztechnik.de\/index.php\/wp-json\/wp\/v2\/types\/page"}],"author":[{"embeddable":true,"href":"https:\/\/kopperschmidt-spritztechnik.de\/index.php\/wp-json\/wp\/v2\/users\/1"}],"replies":[{"embeddable":true,"href":"https:\/\/kopperschmidt-spritztechnik.de\/index.php\/wp-json\/wp\/v2\/comments?post=1036"}],"version-history":[{"count":33,"href":"https:\/\/kopperschmidt-spritztechnik.de\/index.php\/wp-json\/wp\/v2\/pages\/1036\/revisions"}],"predecessor-version":[{"id":6799,"href":"https:\/\/kopperschmidt-spritztechnik.de\/index.php\/wp-json\/wp\/v2\/pages\/1036\/revisions\/6799"}],"up":[{"embeddable":true,"href":"https:\/\/kopperschmidt-spritztechnik.de\/index.php\/wp-json\/wp\/v2\/pages\/506"}],"wp:attachment":[{"href":"https:\/\/kopperschmidt-spritztechnik.de\/index.php\/wp-json\/wp\/v2\/media?parent=1036"}],"curies":[{"name":"wp","href":"https:\/\/api.w.org\/{rel}","templated":true}]}}