{"id":2153,"date":"2019-12-21T14:08:20","date_gmt":"2019-12-21T14:08:20","guid":{"rendered":"https:\/\/kopperschmidt-spritztechnik.de\/?page_id=2153"},"modified":"2020-08-06T10:25:34","modified_gmt":"2020-08-06T10:25:34","slug":"hochdruckpumpen-tap12","status":"publish","type":"page","link":"https:\/\/kopperschmidt-spritztechnik.de\/index.php\/hochdruckpumpen-tap12\/","title":{"rendered":"Hochdruckpumpen TAP12"},"content":{"rendered":"<p>[et_pb_section fb_built=&#8220;1&#8243; _builder_version=&#8220;4.0.6&#8243; use_background_color_gradient=&#8220;on&#8220; background_color_gradient_start=&#8220;#000000&#8243; background_color_gradient_end=&#8220;#c4c4c4&#8243;][et_pb_row column_structure=&#8220;1_3,1_3,1_3&#8243; _builder_version=&#8220;4.0.6&#8243;][et_pb_column type=&#8220;1_3&#8243; _builder_version=&#8220;4.0.6&#8243;][et_pb_blurb title=&#8220;Hochdruckpumpe TAP 12&#8243; url=&#8220;https:\/\/kopperschmidt-spritztechnik.de\/index.php\/pu_hochdruckpumpe-tap-12\/&#8220; image=&#8220;https:\/\/kopperschmidt-spritztechnik.de\/wp-content\/uploads\/2020\/02\/Hochdruckpumpe-TAP_A1_Basisger\u00e4t.jpg&#8220; _builder_version=&#8220;4.0.9&#8243; text_orientation=&#8220;center&#8220; link_option_url=&#8220;https:\/\/kopperschmidt-spritztechnik.de\/index.php\/pu_hochdruckpumpe-tap-12\/&#8220;]<\/p>\n<p style=\"text-align: center;\"><span style=\"color: #000000;\">Basisversion (A1)<br \/> <\/span><\/p>\n<p style=\"text-align: center;\"><span style=\"color: #000000;\">(Pumpe ohne Zubeh\u00f6r)<\/span><\/p>\n<p>[\/et_pb_blurb][\/et_pb_column][et_pb_column type=&#8220;1_3&#8243; _builder_version=&#8220;4.0.6&#8243;][et_pb_blurb title=&#8220;Hochdruckpumpe TAP 12&#8243; image=&#8220;https:\/\/kopperschmidt-spritztechnik.de\/wp-content\/uploads\/2020\/02\/Hochdruckpumpe-TAP_A2_tragbar.jpg&#8220; _builder_version=&#8220;4.5.1&#8243; text_orientation=&#8220;center&#8220; hover_enabled=&#8220;0&#8243; url=&#8220;https:\/\/kopperschmidt-spritztechnik.de\/index.php\/pu_hochdruckpumpe-tap-12\/&#8220; link_option_url=&#8220;https:\/\/kopperschmidt-spritztechnik.de\/index.php\/pu_hochdruckpumpe-tap-12\/&#8220;]<\/p>\n<p><span style=\"color: #000000;\">Pumpe mit Luftregler auf Standfu\u00df (A2)<br \/> <\/span><\/p>\n<p>[\/et_pb_blurb][\/et_pb_column][et_pb_column type=&#8220;1_3&#8243; _builder_version=&#8220;4.0.6&#8243;][et_pb_blurb title=&#8220;Hochdruckpumpe TAP 12&#8243; image=&#8220;https:\/\/kopperschmidt-spritztechnik.de\/wp-content\/uploads\/2020\/02\/Hochdruckpumpe-TAP_A3_Verrohrung.jpg&#8220; _builder_version=&#8220;4.5.1&#8243; text_orientation=&#8220;center&#8220; hover_enabled=&#8220;0&#8243; url=&#8220;https:\/\/kopperschmidt-spritztechnik.de\/index.php\/pu_hochdruckpumpe-tap-12\/&#8220; link_option_url=&#8220;https:\/\/kopperschmidt-spritztechnik.de\/index.php\/pu_hochdruckpumpe-tap-12\/&#8220;]<\/p>\n<p><span style=\"color: #000000;\">Pumpe mit Luftregler auf Standfu\u00df und mit Verrohrung (A3)<br \/> <\/span><\/p>\n<p>[\/et_pb_blurb][\/et_pb_column][\/et_pb_row][\/et_pb_section][et_pb_section fb_built=&#8220;1&#8243; _builder_version=&#8220;4.0.6&#8243; use_background_color_gradient=&#8220;on&#8220; background_color_gradient_start=&#8220;#000000&#8243; background_color_gradient_end=&#8220;#c4c4c4&#8243;][et_pb_row column_structure=&#8220;1_3,1_3,1_3&#8243; _builder_version=&#8220;4.0.6&#8243;][et_pb_column type=&#8220;1_3&#8243; _builder_version=&#8220;4.0.6&#8243;][et_pb_blurb title=&#8220;Hochdruckpumpe TAP 12&#8243; image=&#8220;https:\/\/kopperschmidt-spritztechnik.de\/wp-content\/uploads\/2020\/02\/Hochdruckpumpe-TAP_A4_1_Rahmen.jpg&#8220; _builder_version=&#8220;4.5.1&#8243; text_orientation=&#8220;center&#8220; hover_enabled=&#8220;0&#8243; url=&#8220;https:\/\/kopperschmidt-spritztechnik.de\/index.php\/pu_hochdruckpumpe-tap-12\/&#8220; link_option_url=&#8220;https:\/\/kopperschmidt-spritztechnik.de\/index.php\/pu_hochdruckpumpe-tap-12\/&#8220;]<\/p>\n<p><span style=\"color: #000000;\">Pumpe mit Luftregler und Verrohrung\u00a0im Transportrahmen (A4.1)<br \/> <\/span><\/p>\n<p>[\/et_pb_blurb][\/et_pb_column][et_pb_column type=&#8220;1_3&#8243; _builder_version=&#8220;4.0.6&#8243;][et_pb_blurb title=&#8220;Hochdruckpumpe TAP 12&#8243; image=&#8220;https:\/\/kopperschmidt-spritztechnik.de\/wp-content\/uploads\/2020\/02\/Hochdruckpumpe-TAP_A4_2_Rahmen_Transportwagen.jpg&#8220; _builder_version=&#8220;4.5.1&#8243; text_orientation=&#8220;center&#8220; hover_enabled=&#8220;0&#8243; url=&#8220;https:\/\/kopperschmidt-spritztechnik.de\/index.php\/pu_hochdruckpumpe-tap-12\/&#8220; link_option_url=&#8220;https:\/\/kopperschmidt-spritztechnik.de\/index.php\/pu_hochdruckpumpe-tap-12\/&#8220;]<\/p>\n<p><span style=\"color: #000000;\">Pumpe mit Luftregler und Verrohrung\u00a0im Transportrahmen, fahrbar (A4.2)<br \/> <\/span><\/p>\n<p>[\/et_pb_blurb][\/et_pb_column][et_pb_column type=&#8220;1_3&#8243; _builder_version=&#8220;4.0.6&#8243;][et_pb_blurb title=&#8220;Hochdruckpumpe TAP 12&#8243; image=&#8220;https:\/\/kopperschmidt-spritztechnik.de\/wp-content\/uploads\/2020\/02\/Hochdruckpumpe-TAP_A5_1_Beh\u00e4lter.jpg&#8220; _builder_version=&#8220;4.5.1&#8243; text_orientation=&#8220;center&#8220; hover_enabled=&#8220;0&#8243; url=&#8220;https:\/\/kopperschmidt-spritztechnik.de\/index.php\/pu_hochdruckpumpe-tap-12\/&#8220; link_option_url=&#8220;https:\/\/kopperschmidt-spritztechnik.de\/index.php\/pu_hochdruckpumpe-tap-12\/&#8220;]<\/p>\n<p><span style=\"color: #000000;\">Pumpe mit Luftregler und Verrohrung auf 30Liter Tank (A5.1)<br \/> <\/span><\/p>\n<p>[\/et_pb_blurb][\/et_pb_column][\/et_pb_row][\/et_pb_section][et_pb_section fb_built=&#8220;1&#8243; _builder_version=&#8220;4.0.6&#8243; use_background_color_gradient=&#8220;on&#8220; background_color_gradient_start=&#8220;#000000&#8243; background_color_gradient_end=&#8220;#c4c4c4&#8243;][et_pb_row column_structure=&#8220;1_3,1_3,1_3&#8243; _builder_version=&#8220;4.0.6&#8243;][et_pb_column type=&#8220;1_3&#8243; _builder_version=&#8220;4.0.6&#8243;][et_pb_blurb title=&#8220;Hochdruckpumpe TAP 12&#8243; image=&#8220;https:\/\/kopperschmidt-spritztechnik.de\/wp-content\/uploads\/2020\/02\/Hochdruckpumpe-TAP_A5_2_Beh\u00e4lter_Transportwagen.jpg&#8220; _builder_version=&#8220;4.5.1&#8243; text_orientation=&#8220;center&#8220; hover_enabled=&#8220;0&#8243; url=&#8220;https:\/\/kopperschmidt-spritztechnik.de\/index.php\/pu_hochdruckpumpe-tap-12\/&#8220; link_option_url=&#8220;https:\/\/kopperschmidt-spritztechnik.de\/index.php\/pu_hochdruckpumpe-tap-12\/&#8220;]<\/p>\n<p><span style=\"color: #000000;\">Pumpe mit Luftregler und Verrohrung auf 30Liter Tank, fahrbar (A5.2)<br \/> <\/span><\/p>\n<p>[\/et_pb_blurb][\/et_pb_column][et_pb_column type=&#8220;1_3&#8243; _builder_version=&#8220;4.0.6&#8243;][\/et_pb_column][et_pb_column type=&#8220;1_3&#8243; _builder_version=&#8220;4.0.6&#8243;][\/et_pb_column][\/et_pb_row][\/et_pb_section]<\/p>\n","protected":false},"excerpt":{"rendered":"<p>[et_pb_section fb_built=&#8220;1&#8243; _builder_version=&#8220;4.0.6&#8243; use_background_color_gradient=&#8220;on&#8220; background_color_gradient_start=&#8220;#000000&#8243; background_color_gradient_end=&#8220;#c4c4c4&#8243;][et_pb_row column_structure=&#8220;1_3,1_3,1_3&#8243; _builder_version=&#8220;4.0.6&#8243;][et_pb_column type=&#8220;1_3&#8243; _builder_version=&#8220;4.0.6&#8243;][et_pb_blurb title=&#8220;Hochdruckpumpe TAP 12&#8243; url=&#8220;https:\/\/kopperschmidt-spritztechnik.de\/index.php\/pu_hochdruckpumpe-tap-12\/&#8220; image=&#8220;https:\/\/kopperschmidt-spritztechnik.de\/wp-content\/uploads\/2020\/02\/Hochdruckpumpe-TAP_A1_Basisger\u00e4t.jpg&#8220; _builder_version=&#8220;4.0.9&#8243; text_orientation=&#8220;center&#8220; link_option_url=&#8220;https:\/\/kopperschmidt-spritztechnik.de\/index.php\/pu_hochdruckpumpe-tap-12\/&#8220;] Basisversion (A1) (Pumpe ohne Zubeh\u00f6r) [\/et_pb_blurb][\/et_pb_column][et_pb_column type=&#8220;1_3&#8243; _builder_version=&#8220;4.0.6&#8243;][et_pb_blurb title=&#8220;Hochdruckpumpe TAP 12&#8243; image=&#8220;https:\/\/kopperschmidt-spritztechnik.de\/wp-content\/uploads\/2020\/02\/Hochdruckpumpe-TAP_A2_tragbar.jpg&#8220; _builder_version=&#8220;4.5.1&#8243; text_orientation=&#8220;center&#8220; hover_enabled=&#8220;0&#8243; url=&#8220;https:\/\/kopperschmidt-spritztechnik.de\/index.php\/pu_hochdruckpumpe-tap-12\/&#8220; link_option_url=&#8220;https:\/\/kopperschmidt-spritztechnik.de\/index.php\/pu_hochdruckpumpe-tap-12\/&#8220;] Pumpe mit Luftregler auf Standfu\u00df (A2) [\/et_pb_blurb][\/et_pb_column][et_pb_column type=&#8220;1_3&#8243; _builder_version=&#8220;4.0.6&#8243;][et_pb_blurb title=&#8220;Hochdruckpumpe TAP 12&#8243; image=&#8220;https:\/\/kopperschmidt-spritztechnik.de\/wp-content\/uploads\/2020\/02\/Hochdruckpumpe-TAP_A3_Verrohrung.jpg&#8220; _builder_version=&#8220;4.5.1&#8243; text_orientation=&#8220;center&#8220; hover_enabled=&#8220;0&#8243; url=&#8220;https:\/\/kopperschmidt-spritztechnik.de\/index.php\/pu_hochdruckpumpe-tap-12\/&#8220; link_option_url=&#8220;https:\/\/kopperschmidt-spritztechnik.de\/index.php\/pu_hochdruckpumpe-tap-12\/&#8220;] Pumpe mit [&hellip;]<\/p>\n","protected":false},"author":2,"featured_media":0,"parent":0,"menu_order":0,"comment_status":"closed","ping_status":"closed","template":"","meta":{"_seopress_robots_primary_cat":"","_seopress_titles_title":"","_seopress_titles_desc":"Die Hochdruckpumpe TAP wurde speziell entwickelt f\u00fcr Druckpr\u00fcfungen von Druckbeh\u00e4ltern und Druckleitungen. Pr\u00fcfdr\u00fccke bis 800 Bar sind m\u00f6glich.","_seopress_robots_index":"","_et_pb_use_builder":"on","_et_pb_old_content":"","_et_gb_content_width":"","footnotes":""},"class_list":["post-2153","page","type-page","status-publish","hentry"],"_links":{"self":[{"href":"https:\/\/kopperschmidt-spritztechnik.de\/index.php\/wp-json\/wp\/v2\/pages\/2153","targetHints":{"allow":["GET"]}}],"collection":[{"href":"https:\/\/kopperschmidt-spritztechnik.de\/index.php\/wp-json\/wp\/v2\/pages"}],"about":[{"href":"https:\/\/kopperschmidt-spritztechnik.de\/index.php\/wp-json\/wp\/v2\/types\/page"}],"author":[{"embeddable":true,"href":"https:\/\/kopperschmidt-spritztechnik.de\/index.php\/wp-json\/wp\/v2\/users\/2"}],"replies":[{"embeddable":true,"href":"https:\/\/kopperschmidt-spritztechnik.de\/index.php\/wp-json\/wp\/v2\/comments?post=2153"}],"version-history":[{"count":11,"href":"https:\/\/kopperschmidt-spritztechnik.de\/index.php\/wp-json\/wp\/v2\/pages\/2153\/revisions"}],"predecessor-version":[{"id":4563,"href":"https:\/\/kopperschmidt-spritztechnik.de\/index.php\/wp-json\/wp\/v2\/pages\/2153\/revisions\/4563"}],"wp:attachment":[{"href":"https:\/\/kopperschmidt-spritztechnik.de\/index.php\/wp-json\/wp\/v2\/media?parent=2153"}],"curies":[{"name":"wp","href":"https:\/\/api.w.org\/{rel}","templated":true}]}}