{"id":5048,"date":"2020-09-02T11:26:28","date_gmt":"2020-09-02T11:26:28","guid":{"rendered":"https:\/\/kopperschmidt-spritztechnik.de\/?page_id=5048"},"modified":"2026-03-18T11:16:35","modified_gmt":"2026-03-18T11:16:35","slug":"pu_anschlusseinheiten-pneum","status":"publish","type":"page","link":"https:\/\/kopperschmidt-spritztechnik.de\/index.php\/pu_anschlusseinheiten-pneum\/","title":{"rendered":"PU_Anschlusseinheiten pneum"},"content":{"rendered":"<p>[et_pb_section fb_built=&#8220;1&#8243; _builder_version=&#8220;4.0.6&#8243; use_background_color_gradient=&#8220;on&#8220;][et_pb_row _builder_version=&#8220;4.0.6&#8243;][et_pb_column type=&#8220;4_4&#8243; _builder_version=&#8220;4.0.6&#8243;][et_pb_text _builder_version=&#8220;4.6.0&#8243; use_background_color_gradient=&#8220;on&#8220; background_color_gradient_start=&#8220;#000000&#8243; background_color_gradient_end=&#8220;#c4c4c4&#8243;]<\/p>\n<h1 style=\"text-align: center;\"><span style=\"color: #ccffff;\"><strong>Pneumatische Anschlu\u00dfeinheiten<br \/> <\/strong><\/span><\/h1>\n<p>[\/et_pb_text][\/et_pb_column][\/et_pb_row][et_pb_row column_structure=&#8220;1_3,1_3,1_3&#8243; _builder_version=&#8220;4.0.6&#8243; use_background_color_gradient=&#8220;on&#8220;][et_pb_column type=&#8220;1_3&#8243; _builder_version=&#8220;4.0.6&#8243;][et_pb_image src=&#8220;https:\/\/kopperschmidt-spritztechnik.de\/wp-content\/uploads\/2026\/03\/pneumatische-Anschlusseinheit-Uebersicht.jpg&#8220; title_text=&#8220;pneumatische Anschlu\u00dfeinheit \u00dcbersicht&#8220; _builder_version=&#8220;4.8.2&#8243; background_enable_image=&#8220;off&#8220;][\/et_pb_image][et_pb_image src=&#8220;https:\/\/kopperschmidt-spritztechnik.de\/wp-content\/uploads\/2026\/03\/pneumatische-Anschlusseinheit-Uebersicht-Mano.jpg&#8220; title_text=&#8220;pneumatische Anschlu\u00dfeinheit \u00dcbersicht Mano&#8220; _builder_version=&#8220;4.8.2&#8243;][\/et_pb_image][\/et_pb_column][et_pb_column type=&#8220;1_3&#8243; _builder_version=&#8220;4.0.6&#8243;][et_pb_text _builder_version=&#8220;4.6.0&#8243; use_background_color_gradient=&#8220;on&#8220; background_color_gradient_start=&#8220;rgba(0,0,0,0)&#8220; background_color_gradient_end=&#8220;rgba(0,0,0,0)&#8220;]<\/p>\n<p><strong><span style=\"color: #000000;\">pneumatische Anschlu\u00dfeinheit f\u00fcr Kolbenpumpen<\/span><\/strong><br \/> <span style=\"color: #000000;\">Ausf\u00fchrungen f\u00fcr Pumpenbetrieb und f\u00fcr Pumpe mit Zerst\u00e4uberluft f\u00fcr Pistole. Gewindeanschlu\u00df zur Pumpe: G3\/8&#8243;i, zur Pistole G1\/4&#8243;a.<\/span><span style=\"color: #000000;\"><\/span><\/p>\n<p><span style=\"color: #000000;\"><\/span><\/p>\n<p><span style=\"color: #000000;\"><\/span><\/p>\n<p><span style=\"color: #000000;\"><\/span><\/p>\n<p><span style=\"color: #000000;\"><\/span><\/p>\n<p><span style=\"color: #000000;\"><\/span><\/p>\n<p><span style=\"color: #000000;\"><\/span><\/p>\n<p><span style=\"color: #000000;\"><\/span><\/p>\n<p><span style=\"color: #000000;\"><\/span><\/p>\n<p><span style=\"color: #000000;\"><\/span><\/p>\n<p><span style=\"color: #000000;\"><\/span><\/p>\n<p><span style=\"color: #000000;\"><\/span><\/p>\n<p><span style=\"color: #000000;\"><\/span><\/p>\n<p><span style=\"color: #000000;\"><\/span><\/p>\n<p><span style=\"color: #000000;\"><\/span><\/p>\n<p><span style=\"color: #000000;\"><\/span><\/p>\n<p><span style=\"color: #000000;\"><\/span><\/p>\n<p><span style=\"color: #000000;\"><\/span><\/p>\n<p><span style=\"color: #000000;\"><strong>pneumatische Anschlu\u00dfeinheit f\u00fcr Membranpumpen<\/strong><br \/> Ausf\u00fchrungen f\u00fcr Pumpenbetrieb und f\u00fcr Pumpe mit Zerst\u00e4uberluft f\u00fcr Pistole. Gewindeanschlu\u00df zur Pumpe: G1\/4&#8243;&#8220;i, zur Pistole G1\/4&#8243;a.<br \/> <\/span><\/p>\n<p>[\/et_pb_text][\/et_pb_column][et_pb_column type=&#8220;1_3&#8243; _builder_version=&#8220;4.0.6&#8243;][et_pb_text _builder_version=&#8220;4.5.1&#8243;][\/et_pb_text][\/et_pb_column][\/et_pb_row][et_pb_row _builder_version=&#8220;4.0.6&#8243; use_background_color_gradient=&#8220;on&#8220;][et_pb_column type=&#8220;4_4&#8243; _builder_version=&#8220;4.0.6&#8243;][et_pb_text _builder_version=&#8220;4.5.1&#8243;][\/et_pb_text][\/et_pb_column][\/et_pb_row][et_pb_row _builder_version=&#8220;4.0.9&#8243;][et_pb_column type=&#8220;4_4&#8243; _builder_version=&#8220;4.0.6&#8243;][et_pb_text _builder_version=&#8220;4.0.6&#8243; use_background_color_gradient=&#8220;on&#8220; background_color_gradient_start=&#8220;#000000&#8243; background_color_gradient_end=&#8220;#bec4c3&#8243;]<\/p>\n<h1 style=\"text-align: center;\"><span style=\"color: #ccffff;\">Downloads<\/span><\/h1>\n<p>[\/et_pb_text][et_pb_text _builder_version=&#8220;4.8.2&#8243; use_background_color_gradient=&#8220;on&#8220; background_color_gradient_start=&#8220;#000000&#8243; background_color_gradient_end=&#8220;#c4c4c4&#8243; custom_padding=&#8220;||8px|||&#8220;]<\/p>\n<p style=\"text-align: center;\"><span style=\"color: #00ff00;\">f\u00fcr Membranpumpe (G1\/4&#8243;)<\/span> \u00a0\u00a0\u00a0\u00a0\u00a0 <a href=\"https:\/\/kopperschmidt-spritztechnik.de\/wp-content\/uploads\/2026\/03\/Pneum-Anschlusseinheit-PUe_D_0326.pdf\" target=\"_blank\" rel=\"noopener noreferrer\" title=\"Druckansicht\"><span style=\"color: #00ccff;\">Druckansicht<\/span><\/a><span style=\"color: #808080;\"><a href=\"https:\/\/kopperschmidt-spritztechnik.de\/wp-content\/uploads\/2020\/09\/ASYS-2-Kopu-PD_D.pdf\" title=\"Druckansicht&amp;Ersatzteilblatt Kolbenpumpe\"><span style=\"color: #00ccff;\"><\/span><\/a>\u00a0\u00a0\u00a0\u00a0 <a href=\"https:\/\/kopperschmidt-spritztechnik.de\/wp-content\/uploads\/2026\/03\/Pneum-Anschlusseinheiten-G1-4_PD_D_0326.pdf\" target=\"_blank\" rel=\"noopener noreferrer\"><span style=\"color: #00ccff;\">Ersatzteile<\/span><\/a> \u00a0\u00a0\u00a0 <span style=\"color: #00ccff;\"><a href=\"https:\/\/kopperschmidt-spritztechnik.de\/wp-content\/uploads\/2026\/03\/Pneum-Anschlusseinheiten-G1-4_Massblatt_D_0326.pdf\" target=\"_blank\" rel=\"noopener noreferrer\" style=\"color: #00ccff;\">Massblatt<\/a><a href=\"https:\/\/www.rrtd.de\/pneumatische-Anschlusseinheit-fuer-Kolbenpumpe-G3-8\" target=\"_blank\" rel=\"noopener noreferrer\"><span style=\"color: #00ccff;\"><\/span><\/a> \u00a0\u00a0\u00a0 <a href=\"https:\/\/www.rrtd.de\/pneumatische-Anschlusseinheit-fuer-Membranpumpe-G1-4\" target=\"_blank\" rel=\"noopener noreferrer\"><span style=\"color: #00ccff;\">Preisinfo<\/span><\/a><\/span><\/span><\/p>\n<p>[\/et_pb_text][et_pb_text _builder_version=&#8220;4.8.2&#8243; use_background_color_gradient=&#8220;on&#8220; background_color_gradient_start=&#8220;#000000&#8243; background_color_gradient_end=&#8220;#c4c4c4&#8243; custom_padding=&#8220;||8px|||&#8220;]<\/p>\n<p style=\"text-align: center;\"><span style=\"color: #00ff00;\">f\u00fcr Kolbenpumpe (G3\/8&#8243;)<\/span> \u00a0\u00a0\u00a0\u00a0\u00a0 <a href=\"https:\/\/kopperschmidt-spritztechnik.de\/wp-content\/uploads\/2026\/03\/Pneum-Anschlusseinheit-PUe_D_0326.pdf\" target=\"_blank\" rel=\"noopener noreferrer\" title=\"Druckansicht\"><span style=\"color: #00ccff;\">Druckansicht<\/span><\/a><span style=\"color: #808080;\"><a href=\"https:\/\/kopperschmidt-spritztechnik.de\/wp-content\/uploads\/2020\/09\/ASYS-2-Kopu-PD_D.pdf\" title=\"Druckansicht&amp;Ersatzteilblatt Kolbenpumpe\"><span style=\"color: #00ccff;\"><\/span><\/a>\u00a0\u00a0\u00a0\u00a0 <span style=\"color: #00ccff;\"><a href=\"https:\/\/kopperschmidt-spritztechnik.de\/wp-content\/uploads\/2026\/03\/Pneum-Anschlusseinheiten-G3-8_PD_D_0326.pdf\" target=\"_blank\" rel=\"noopener noreferrer\" style=\"color: #00ccff;\">Ersatzteile<\/a><\/span> \u00a0\u00a0\u00a0 <span style=\"color: #00ccff;\"><a href=\"https:\/\/kopperschmidt-spritztechnik.de\/wp-content\/uploads\/2026\/03\/Pneum-Anschlusseinheiten-G3-8_Massblatt_D_0326.pdf\" target=\"_blank\" rel=\"noopener noreferrer\" style=\"color: #00ccff;\">Massblatt<\/a><\/span>\u00a0\u00a0\u00a0\u00a0 <span style=\"color: #00ccff;\"><a href=\"https:\/\/www.rrtd.de\/pneumatische-Anschlusseinheit-fuer-Kolbenpumpe-G3-8\" target=\"_blank\" rel=\"noopener noreferrer\"><span style=\"color: #00ccff;\">Preisinfo<\/span><\/a><a href=\"https:\/\/www.rrtd.de\/pneumatische-Anschlusseinheit-fuer-Membranpumpe-G1-4\" target=\"_blank\" rel=\"noopener noreferrer\"><span style=\"color: #00ccff;\"><\/span><\/a><\/span><\/span><\/p>\n<p>[\/et_pb_text][et_pb_text _builder_version=&#8220;4.8.2&#8243; use_background_color_gradient=&#8220;on&#8220; background_color_gradient_start=&#8220;#000000&#8243; background_color_gradient_end=&#8220;#c4c4c4&#8243; custom_padding=&#8220;||8px|||&#8220; hover_enabled=&#8220;0&#8243; sticky_enabled=&#8220;0&#8243;]<\/p>\n<p style=\"text-align: center;\"><span style=\"color: #00ff00;\">for Diaphragm pump (G1\/4&#8243;)<\/span> \u00a0\u00a0\u00a0\u00a0\u00a0 <a href=\"https:\/\/kopperschmidt-spritztechnik.de\/wp-content\/uploads\/2026\/03\/Pneum-Anschlusseinheit-PUe_E_0326.pdf\" target=\"_blank\" rel=\"noopener noreferrer\"><span style=\"color: #00ffff;\"><span style=\"color: #808080;\"><span style=\"color: #00ccff;\">Printversion<\/span><\/span><\/span><\/a><span style=\"color: #808080;\"><\/span><span style=\"color: #ccffff;\"><span style=\"color: #808080;\"><\/span>\u00a0\u00a0\u00a0\u00a0 <span style=\"color: #00ccff;\"><a href=\"https:\/\/kopperschmidt-spritztechnik.de\/wp-content\/uploads\/2026\/03\/Pneum-Anschlusseinheiten-G1-4_PD_E_0326.pdf\" target=\"_blank\" rel=\"noopener noreferrer\" style=\"color: #00ccff;\">Spareparts<\/a><\/span> \u00a0\u00a0\u00a0 <span style=\"color: #00ccff;\"><a href=\"https:\/\/kopperschmidt-spritztechnik.de\/wp-content\/uploads\/2026\/03\/Pneum-Anschlusseinheiten-G1-4_Massblatt_E_0326.pdf\" target=\"_blank\" rel=\"noopener noreferrer\" style=\"color: #00ccff;\">Dimensions<\/a><\/span><span style=\"color: #808080;\"><span style=\"color: #00ccff;\"><a href=\"https:\/\/www.rrtd.de\/pneumatische-Anschlusseinheit-fuer-Kolbenpumpe-G3-8\" target=\"_blank\" rel=\"noopener noreferrer\"><span style=\"color: #00ccff;\"><\/span><\/a>\u00a0\u00a0\u00a0\u00a0 <a href=\"https:\/\/www.rrtd.de\/pneumatische-Anschlusseinheit-fuer-Membranpumpe-G1-4\" target=\"_blank\" rel=\"noopener noreferrer\" style=\"color: #00ccff;\">Prices<\/a><\/span><\/span><\/span><\/p>\n<p>[\/et_pb_text][et_pb_text _builder_version=&#8220;4.8.2&#8243; use_background_color_gradient=&#8220;on&#8220; background_color_gradient_start=&#8220;#000000&#8243; background_color_gradient_end=&#8220;#c4c4c4&#8243; custom_padding=&#8220;||8px|||&#8220;]<\/p>\n<p style=\"text-align: center;\"><span style=\"color: #00ff00;\">for Piston pump (G3\/8&#8243;)<\/span> \u00a0\u00a0\u00a0\u00a0\u00a0 <a href=\"https:\/\/kopperschmidt-spritztechnik.de\/wp-content\/uploads\/2026\/03\/Pneum-Anschlusseinheit-PUe_E_0326.pdf\" target=\"_blank\" rel=\"noopener noreferrer\"><span style=\"color: #00ffff;\"><span style=\"color: #808080;\"><span style=\"color: #00ccff;\">Printversion<\/span><\/span><\/span><\/a><span style=\"color: #808080;\"><\/span><span style=\"color: #ccffff;\"><span style=\"color: #808080;\"><\/span>\u00a0\u00a0\u00a0\u00a0 <span style=\"color: #00ccff;\"><a href=\"https:\/\/kopperschmidt-spritztechnik.de\/wp-content\/uploads\/2026\/03\/Pneum-Anschlusseinheiten-G3-8_PD_E_0326.pdf\" target=\"_blank\" rel=\"noopener noreferrer\" style=\"color: #00ccff;\">Spareparts<\/a><a href=\"https:\/\/kopperschmidt-spritztechnik.de\/wp-content\/uploads\/2021\/05\/Pneum-Anschlusseinheiten-G1-4_PD_E.pdf\" target=\"_blank\" rel=\"noopener noreferrer\" style=\"color: #00ccff;\"><\/a><\/span> \u00a0\u00a0\u00a0 <span style=\"color: #00ccff;\"><a href=\"https:\/\/kopperschmidt-spritztechnik.de\/wp-content\/uploads\/2026\/03\/Pneum-Anschlusseinheiten-G3-8_Massblatt_E_0326.pdf\" target=\"_blank\" rel=\"noopener noreferrer\" style=\"color: #00ccff;\">Dimensions<\/a><\/span><span style=\"color: #00ffff;\"><span style=\"color: #808080;\"> <\/span>\u00a0<\/span>\u00a0\u00a0 <span style=\"color: #808080;\"><span style=\"color: #00ccff;\"><a href=\"https:\/\/www.rrtd.de\/pneumatische-Anschlusseinheit-fuer-Kolbenpumpe-G3-8\" target=\"_blank\" rel=\"noopener noreferrer\" style=\"color: #00ccff;\">Prices<\/a><a href=\"https:\/\/www.rrtd.de\/pneumatische-Anschlusseinheit-fuer-Membranpumpe-G1-4\" target=\"_blank\" rel=\"noopener noreferrer\" style=\"color: #00ccff;\"><\/a><\/span><\/span><\/span><\/p>\n<p>[\/et_pb_text][\/et_pb_column][\/et_pb_row][\/et_pb_section]<\/p>\n","protected":false},"excerpt":{"rendered":"<p>[et_pb_section fb_built=&#8220;1&#8243; _builder_version=&#8220;4.0.6&#8243; use_background_color_gradient=&#8220;on&#8220;][et_pb_row _builder_version=&#8220;4.0.6&#8243;][et_pb_column type=&#8220;4_4&#8243; _builder_version=&#8220;4.0.6&#8243;][et_pb_text _builder_version=&#8220;4.6.0&#8243; use_background_color_gradient=&#8220;on&#8220; background_color_gradient_start=&#8220;#000000&#8243; background_color_gradient_end=&#8220;#c4c4c4&#8243;] Pneumatische Anschlu\u00dfeinheiten [\/et_pb_text][\/et_pb_column][\/et_pb_row][et_pb_row column_structure=&#8220;1_3,1_3,1_3&#8243; _builder_version=&#8220;4.0.6&#8243; use_background_color_gradient=&#8220;on&#8220;][et_pb_column type=&#8220;1_3&#8243; _builder_version=&#8220;4.0.6&#8243;][et_pb_image src=&#8220;https:\/\/kopperschmidt-spritztechnik.de\/wp-content\/uploads\/2026\/03\/pneumatische-Anschlusseinheit-Uebersicht.jpg&#8220; title_text=&#8220;pneumatische Anschlu\u00dfeinheit \u00dcbersicht&#8220; _builder_version=&#8220;4.8.2&#8243; background_enable_image=&#8220;off&#8220;][\/et_pb_image][et_pb_image src=&#8220;https:\/\/kopperschmidt-spritztechnik.de\/wp-content\/uploads\/2026\/03\/pneumatische-Anschlusseinheit-Uebersicht-Mano.jpg&#8220; title_text=&#8220;pneumatische Anschlu\u00dfeinheit \u00dcbersicht Mano&#8220; _builder_version=&#8220;4.8.2&#8243;][\/et_pb_image][\/et_pb_column][et_pb_column type=&#8220;1_3&#8243; _builder_version=&#8220;4.0.6&#8243;][et_pb_text _builder_version=&#8220;4.6.0&#8243; use_background_color_gradient=&#8220;on&#8220; background_color_gradient_start=&#8220;rgba(0,0,0,0)&#8220; background_color_gradient_end=&#8220;rgba(0,0,0,0)&#8220;] pneumatische Anschlu\u00dfeinheit f\u00fcr Kolbenpumpen Ausf\u00fchrungen f\u00fcr Pumpenbetrieb und f\u00fcr Pumpe mit Zerst\u00e4uberluft f\u00fcr Pistole. Gewindeanschlu\u00df zur Pumpe: G3\/8&#8243;i, [&hellip;]<\/p>\n","protected":false},"author":2,"featured_media":0,"parent":0,"menu_order":0,"comment_status":"closed","ping_status":"closed","template":"","meta":{"_seopress_robots_primary_cat":"","_seopress_titles_title":"","_seopress_titles_desc":"","_seopress_robots_index":"","_et_pb_use_builder":"on","_et_pb_old_content":"","_et_gb_content_width":"","footnotes":""},"class_list":["post-5048","page","type-page","status-publish","hentry"],"_links":{"self":[{"href":"https:\/\/kopperschmidt-spritztechnik.de\/index.php\/wp-json\/wp\/v2\/pages\/5048","targetHints":{"allow":["GET"]}}],"collection":[{"href":"https:\/\/kopperschmidt-spritztechnik.de\/index.php\/wp-json\/wp\/v2\/pages"}],"about":[{"href":"https:\/\/kopperschmidt-spritztechnik.de\/index.php\/wp-json\/wp\/v2\/types\/page"}],"author":[{"embeddable":true,"href":"https:\/\/kopperschmidt-spritztechnik.de\/index.php\/wp-json\/wp\/v2\/users\/2"}],"replies":[{"embeddable":true,"href":"https:\/\/kopperschmidt-spritztechnik.de\/index.php\/wp-json\/wp\/v2\/comments?post=5048"}],"version-history":[{"count":21,"href":"https:\/\/kopperschmidt-spritztechnik.de\/index.php\/wp-json\/wp\/v2\/pages\/5048\/revisions"}],"predecessor-version":[{"id":7639,"href":"https:\/\/kopperschmidt-spritztechnik.de\/index.php\/wp-json\/wp\/v2\/pages\/5048\/revisions\/7639"}],"wp:attachment":[{"href":"https:\/\/kopperschmidt-spritztechnik.de\/index.php\/wp-json\/wp\/v2\/media?parent=5048"}],"curies":[{"name":"wp","href":"https:\/\/api.w.org\/{rel}","templated":true}]}}